{"id":120,"date":"2020-06-17T09:06:27","date_gmt":"2020-06-17T09:06:27","guid":{"rendered":"https:\/\/skolaberze.net\/bazaznanja\/?page_id=120"},"modified":"2020-10-27T17:11:34","modified_gmt":"2020-10-27T17:11:34","slug":"tudasbazis","status":"publish","type":"page","link":"https:\/\/skolaberze.net\/bazaznanja\/","title":{"rendered":"Tud\u00e1sb\u00e1zis"},"content":{"rendered":"Edukativni sadr\u017eaji u formi video snimaka. Edukativni sadr\u017eaji u PDF formatu. Datum odr\u017eavanja slede\u0107eg webinara: 20.04.2026. od 19:20h Link za pristup webinaru bi\u0107e ti poslat putem email-a, na dan njegovog odr\u017eavanja. Nabavi knjigu uz 10% popusta, klikni ovde. Datum po\u010detka slede\u0107eg Berzanskog master kursa: 24.02.2024. Prijavi se uz 10% popusta, klikni ovde. \t\t<div class=\"woocommerce\">\n\t\t\t<div class=\"woocommerce-info wc-memberships-restriction-message wc-memberships-message wc-memberships-content-restricted-message\">\n\t\t\t\tUkoliko si pretplatnik Berzanske baze znanja prijavi se <a href=\"https:\/\/skolaberze.net\/bazaznanja\/fiokom\/\"><b><u>ovde<\/u><\/b><\/a>, ako jo\u0161 nisi mo\u017ee\u0161 se registrovati <a href=\"https:\/\/skolaberze.net\/baza-znanja\/\"><b><u>ovde<\/u><\/b><\/a>.\t\t    <\/div>\n\t\t<\/div>\n\t\t","protected":false},"excerpt":{"rendered":"<p>Edukativni sadr\u017eaji u formi video snimaka. Edukativni sadr\u017eaji u PDF formatu. Datum odr\u017eavanja slede\u0107eg webinara: 20.04.2026. od 19:20h Link za pristup webinaru bi\u0107e ti poslat putem email-a, na dan njegovog odr\u017eavanja. Nabavi knjigu uz 10% popusta, klikni ovde. Datum po\u010detka slede\u0107eg Berzanskog master kursa: 24.02.2024. Prijavi se uz 10% popusta, klikni ovde. \t\t<\/p>\n<div class=\"woocommerce\">\n<div class=\"woocommerce-info wc-memberships-restriction-message wc-memberships-message wc-memberships-content-restricted-message\">\n\t\t\t\tUkoliko si pretplatnik Berzanske baze znanja prijavi se <a href=\"https:\/\/skolaberze.net\/bazaznanja\/fiokom\/\"><b><u>ovde<\/u><\/b><\/a>, ako jo\u0161 nisi mo\u017ee\u0161 se registrovati <a href=\"https:\/\/skolaberze.net\/baza-znanja\/\"><b><u>ovde<\/u><\/b><\/a>.\t\t    <\/div>\n<\/p><\/div>\n","protected":false},"author":114,"featured_media":0,"parent":0,"menu_order":0,"comment_status":"closed","ping_status":"closed","template":"templates\/12.php","meta":{"footnotes":""},"_links":{"self":[{"href":"https:\/\/skolaberze.net\/bazaznanja\/wp-json\/wp\/v2\/pages\/120"}],"collection":[{"href":"https:\/\/skolaberze.net\/bazaznanja\/wp-json\/wp\/v2\/pages"}],"about":[{"href":"https:\/\/skolaberze.net\/bazaznanja\/wp-json\/wp\/v2\/types\/page"}],"author":[{"embeddable":true,"href":"https:\/\/skolaberze.net\/bazaznanja\/wp-json\/wp\/v2\/users\/114"}],"replies":[{"embeddable":true,"href":"https:\/\/skolaberze.net\/bazaznanja\/wp-json\/wp\/v2\/comments?post=120"}],"version-history":[{"count":56,"href":"https:\/\/skolaberze.net\/bazaznanja\/wp-json\/wp\/v2\/pages\/120\/revisions"}],"predecessor-version":[{"id":2187,"href":"https:\/\/skolaberze.net\/bazaznanja\/wp-json\/wp\/v2\/pages\/120\/revisions\/2187"}],"wp:attachment":[{"href":"https:\/\/skolaberze.net\/bazaznanja\/wp-json\/wp\/v2\/media?parent=120"}],"curies":[{"name":"wp","href":"https:\/\/api.w.org\/{rel}","templated":true}]}}